t the prime factors of 5321.
17, 313
What are the prime factors of 164?
2, 41
What are the prime factors of 2436?
2, 3, 7, 29
What are the prime factors of 816?
2, 3, 17
List the prime factors of 4934.
2, 2467
List the prime factors of 2293.
2293
List the prime factors of 26699.
26699
List the prime factors of 8646.
2, 3, 11, 131
What are the prime factors of 14522?
2, 53, 137
What are the prime factors of 1689?
3, 563
List the prime factors of 2699.
2699
What are the prime factors of 698?
2, 349
What are the prime factors of 5586?
2, 3, 7, 19
List the prime factors of 4814.
2, 29, 83
What are the prime factors of 18504?
2, 3, 257
What are the prime factors of 240?
2, 3, 5
List the prime factors of 61092.
2, 3, 1697
List the prime factors of 5250.
2, 3, 5, 7
What are the prime factors of 1324?
2, 331
List the prime factors of 1104.
2, 3, 23
What are the prime factors of 18902?
2, 13, 727
List the prime factors of 1054.
2, 17, 31
List the prime factors of 4025.
5, 7, 23
List the prime factors of 10669.
47, 227
List the prime factors of 4510.
2, 5, 11, 41
List the prime factors of 2006.
2, 17, 59
What are the prime factors of 1810?
2, 5, 181
List the prime factors of 153.
3, 17
What are the prime factors of 25904?
2, 1619
What are the prime factors of 119?
7, 17
What are the prime factors of 45086?
2, 22543
What are the prime factors of 8442?
2, 3, 7, 67
What are the prime factors of 1422?
2, 3, 79
List the prime factors of 39983.
39983
List the prime factors of 1911.
3, 7, 13
List the prime factors of 1746.
2, 3, 97
List the prime factors of 1031.
1031
List the prime factors of 4110.
2, 3, 5, 137
What are the prime factors of 990?
2, 3, 5, 11
What are the prime factors of 3683?
29, 127
What are the prime factors of 13579?
37, 367
What are the prime factors of 86778?
2, 3, 1607
What are the prime factors of 42956?
2, 10739
List the prime factors of 406.
2, 7, 29
List the prime factors of 4106.
2, 2053
What are the prime factors of 4172?
2, 7, 149
List the prime factors of 7318.
2, 3659
List the prime factors of 1633.
23, 71
List the prime factors of 7519.
73, 103
List the prime factors of 14548.
2, 3637
What are the prime factors of 1561?
7, 223
List the prime factors of 2145.
3, 5, 11, 13
What are the prime factors of 356?
2, 89
What are the prime factors of 47233?
149, 317
What are the prime factors of 2862?
2, 3, 53
List the prime factors of 3178.
2, 7, 227
List the prime factors of 25196.
2, 6299
List the prime factors of 11327.
47, 241
What are the prime factors of 42344?
2, 67, 79
List the prime factors of 3172.
2, 13, 61
List the prime factors of 1325.
5, 53
List the prime factors of 10340.
2, 5, 11, 47
List the prime factors of 9173.
9173
List the prime factors of 4043.
13, 311
What are the prime factors of 2404?
2, 601
List the prime factors of 8591.
11, 71
What are the prime factors of 1630?
2, 5, 163
What are the prime factors of 1802?
2, 17, 53
List the prime factors of 10627.
10627
What are the prime factors of 1392?
2, 3, 29
What are the prime factors of 8867?
8867
What are the prime factors of 2816?
2, 11
List the prime factors of 58339.
227, 257
What are the prime factors of 18739?
7, 2677
What are the prime factors of 3087?
3, 7
List the prime factors of 12751.
41, 311
List the prime factors of 972.
2, 3
What are the prime factors of 86649?
3, 17, 1699
List the prime factors of 4733.
4733
List the prime factors of 18067.
7, 29, 89
What are the prime factors of 5938?
2, 2969
List the prime factors of 1200.
2, 3, 5
List the prime factors of 94.
2, 47
List the prime factors of 198.
2, 3, 11
What are the prime factors of 33939?
3, 419
List the prime factors of 6708.
2, 3, 13, 43
What are the prime factors of 2024?
2, 11, 23
List the prime factors of 752.
2, 47
List the prime factors of 10357.
10357
What are the prime factors of 10542?
2, 3, 7, 251
List the prime factors of 3824.
2, 239
List the prime factors of 13867.
7, 283
List the prime factors of 5009.
5009
What are the prime factors of 8039?
8039
List the prime factors of 44502.
2, 3, 7417
What are the prime factors of 2375?
5, 19
What are the prime factors of 7513?
11, 683
List the prime factors of 3636.
2, 3, 101
List the prime factors of 50653.
37
What are the prime factors of 11844?
2, 3, 7, 47
List the prime factors of 23693.
19, 29, 43
List the prime factors of 191.
191
List the prime factors of 4431.
3, 7, 211
What are the prime factors of 29465?
5, 71, 83
List the prime factors of 7989.
3, 2663
What are the prime factors of 233?
233
What are the prime factors of 16351?
83, 197
List the prime factors of 10330.
2, 5, 1033
What are the prime factors of 11889?
3, 1321
List the prime factors of 13052.
2, 13, 251
List the prime factors of 15318.
2, 3, 23, 37
List the prime factors of 13828.
2, 3457
List the prime factors of 7238.
2, 7, 11, 47
List the prime factors of 4867.
31, 157
What are the prime factors of 9003?
3, 3001
List the prime factors of 802.
2, 401
What are the prime factors of 1249?
1249
List the prime factors of 69083.
7, 71, 139
What are the prime factors of 5305?
5, 1061
What are the prime factors of 1336?
2, 167
What are the prime factors of 8101?
8101
What are the prime factors of 39264?
2, 3, 409
List the prime factors of 2230.
2, 5, 223
List the prime factors of 1965.
3, 5, 131
What are the prime factors of 6108?
2, 3, 509
List the prime factors of 2763.
3, 307
What are the prime factors of 405?
3, 5
What are the prime factors of 1875?
3, 5
List the prime factors of 13199.
67, 197
List the prime factors of 1147.
31, 37
List the prime factors of 443.
443
What are the prime factors of 4017?
3, 13, 103
List the prime factors of 734.
2, 367
List the prime factors of 28111.
28111
List the prime factors of 8243.
8243
What are the prime factors of 18781?
7, 2683
What are the prime factors of 823?
823
What are the prime factors of 81949?
7, 23, 509
What are the prime factors of 3093?
3, 1031
What are the prime factors of 254?
2, 127
What are the prime factors of 34811?
7, 4973
List the prime factors of 1463.
7, 11, 19
What are the prime factors of 134384?
2, 37, 227
List the prime factors of 3114.
2, 3, 173
List the prime factors of 13877.
13877
What are the prime factors of 74394?
2, 3, 4133
List the prime factors of 4579.
19, 241
List the prime factors of 9613.
9613
List the prime factors of 6787.
11, 617
What are the prime factors of 323?
17, 19
What are the prime factors of 49836?
2, 3, 4153
List the prime factors of 3233.
53, 61
What are the prime factors of 30379?
17, 1787
List the prime factors of 3762.
2, 3, 11, 19
What are the prime factors of 122206?
2, 7, 29, 43
What are the prime factors of 1347?
3, 449
What are the prime factors of 49184?
2, 29, 53
What are the prime factors of 50036?
2, 7, 1787
What are the prime factors of 9761?
43, 227
What are the prime factors of 701?
701
What are the prime factors of 921?
3, 307
List the prime factors of 1155.
3, 5, 7, 11
List the prime factors of 1612.
2, 13, 31
List the prime factors of 1900.
2, 5, 19
List the prime factors of 985.
5, 197
What are the prime factors of 1330?
2, 5, 7, 19
What are the prime factors of 3191?
3191
List the prime factors of 2004.
2, 3, 167
What are the prime factors of 7200?
2, 3, 5
What are the prime factors of 1385?
5, 277
What are the prime factors of 431?
431
List the prime factors of 2165.
5, 433
What are the prime factors of 85?
5, 17
What are the prime factors of 1680?
2, 3, 5, 7
List the prime factors of 3421.
11, 311
List the prime factors of 5195.
5, 1039
What are the prime factors of 4214?
2, 7, 43
List the prime factors of 5588.
2, 11, 127
What are the prime factors of 840?
2, 3, 5, 7
What are the prime factors of 19063?
11, 1733
List the prime factors of 4335.
3, 5, 17
What are the prime factors of 21586?
2, 43, 251
List the prime factors of 12409.
12409
List the prime factors of 4380.
2, 3, 5, 73
List the prime factors of 111737.
29, 3853
What are the prime factors of 32763?
3, 67, 163
What are the prime factors of 42?
2, 3, 7
List the prime factors of 13484.
2, 3371
What are the prime factors of 310?
2, 5, 31
What are the prime factors of 8605?
5, 1721
What are the prime factors of 16051?
7, 2293
List the prime factors of 4121.
13, 317
List the prime factors of